{"id":95,"date":"2024-10-28T01:34:36","date_gmt":"2024-10-28T00:34:36","guid":{"rendered":"https:\/\/dev.gomnetwork.com\/beatb-transvansrapid\/?page_id=95"},"modified":"2025-01-31T21:33:08","modified_gmt":"2025-01-31T20:33:08","slug":"prenda-colgada","status":"publish","type":"page","link":"https:\/\/dev.gomnetwork.com\/beatb-transvansrapid\/prenda-colgada\/","title":{"rendered":"Prenda colgada"},"content":{"rendered":"\t\t<div data-elementor-type=\"wp-page\" data-elementor-id=\"95\" class=\"elementor elementor-95\">\n\t\t\t\t<div class=\"elementor-element elementor-element-002497d e-con-full elementor-hidden-tablet elementor-hidden-mobile e-flex e-con e-parent\" data-id=\"002497d\" data-element_type=\"container\">\n\t\t<div class=\"elementor-element elementor-element-fac48f9 e-con-full e-flex e-con e-child\" data-id=\"fac48f9\" data-element_type=\"container\" data-settings=\"{&quot;background_background&quot;:&quot;classic&quot;}\">\n\t\t\t\t<div class=\"elementor-element elementor-element-d7a2c44 elementor-widget elementor-widget-themeasy-intro-text\" data-id=\"d7a2c44\" data-element_type=\"widget\" data-widget_type=\"themeasy-intro-text.default\">\n\t\t\t\t<div class=\"elementor-widget-container\">\n\t\t\t\t\t    <!-- Intro Text -->\r\n    <div class=\"intro-text style-1 me-auto text-start\" data-animation=\"\">\r\n      <div class=\"wrapper\"><div class=\"left-column\"><span class=\"pre-title\">Prenda colgada<\/span><h2 class=\"title\"><span class=\"text-1 display-2 normal\">Transportamos tus mercanc\u00edas textiles<\/span><\/h2><div class=\"description \"><p>\u2713 Cuidamos la calidad de tus prendas\u00a0 <br \/>\u2713 Optimiza tus operaciones<\/p><\/div><\/div>        <!-- Button -->\r\n        <a href=\"https:\/\/dev.gomnetwork.com\/beatb-transvansrapid\/contacto\/\" rel=\"nofollow\" class=\"button light\">\r\n                    <span class=\"button-text\">\r\n            Hablemos \u2197          <\/span>\r\n                            <\/a>  \r\n        <\/div>    <\/div>\r\n        \t\t\t\t<\/div>\n\t\t\t\t<\/div>\n\t\t\t\t<\/div>\n\t\t<div class=\"elementor-element elementor-element-1de115c e-con-full e-flex e-con e-child\" data-id=\"1de115c\" data-element_type=\"container\" data-settings=\"{&quot;background_background&quot;:&quot;classic&quot;}\">\n\t\t\t\t<\/div>\n\t\t\t\t<\/div>\n\t\t<div class=\"elementor-element elementor-element-8f8b8eb elementor-hidden-desktop e-flex e-con-boxed e-con e-parent\" data-id=\"8f8b8eb\" data-element_type=\"container\" data-settings=\"{&quot;background_background&quot;:&quot;classic&quot;}\">\n\t\t\t\t\t<div class=\"e-con-inner\">\n\t\t\t\t<div class=\"elementor-element elementor-element-bb90e2d elementor-widget elementor-widget-themeasy-slider\" data-id=\"bb90e2d\" data-element_type=\"widget\" data-widget_type=\"themeasy-slider.default\">\n\t\t\t\t<div class=\"elementor-widget-container\">\n\t\t\t\t\t    <!-- Slider -->\r\n    <div class=\"has-overlay\">\r\n      <div class=\"swiper slider tms-slider fit-to-screen\" \r\n        data-autoplay=\"10000\" \r\n        data-loop=\"true\">\r\n        <div class=\"swiper-wrapper\">\r\n                      <div class=\"swiper-slide\">\r\n              <div class=\"banner slide-wrapper\">              <!-- Content -->\r\n              <div class=\"content-wrapper\">\r\n                <div class=\"container\">                <!-- Intro Text -->\r\n                <div class=\"intro-text style-1 mx-auto text-center\">\r\n                  <span class=\"pre-title\">Servicio especializado para el sector textil<\/span><h2 class=\"title\"><span class=\"text-1 display-5 normal\">Transportamos tus mercanc\u00edas textiles<\/span><\/h2><div class=\"description\"> \u2713 Cuidamos la calidad de tus prendas\u00a0 <br> \u2713 Optimiza tus operaciones<\/div>                    <div class=\"button-wrapper justify-content-center\">\r\n                      <a href=\"https:\/\/dev.gomnetwork.com\/beatb-transvansrapid\/contacto\/\" rel=\"nofollow\" class=\"button primary-button filled tms-hover-up-down\">\r\n                                                <span class=\"button-text\">\r\n                          Hablemos  \u2197                        <\/span>\r\n                                                                      <\/a>\r\n                                          <\/div>\r\n                                    <\/div>\r\n                <\/div>              <\/div>\r\n                            \r\n              <!-- Image -->\r\n              <div class=\"image-wrapper\">\r\n                <img decoding=\"async\" src=\"https:\/\/dev.gomnetwork.com\/beatb-transvansrapid\/wp-content\/uploads\/2025\/01\/Hombre-manejando-maquina-para-mover-mercancia.webp\" alt=\"Hombre manejando maquina para mover mercanc\u00eda\" class=\"image fit-cover\" \/>              <\/div>              \r\n              <!-- Script needed to set auto height. -->\r\n              <script>\r\n                jQuery(function($) {\r\n                  'use strict';\r\n                  var navbar_height = $('#navbar').outerHeight();                  \r\n                  $('.swiper.fit-to-screen .image-wrapper .image').css('height', 'calc(100vh - '+navbar_height+'px)');                  \r\n                })\r\n              <\/script>\r\n              <\/div>            <\/div> <!-- slide -->\r\n                  <\/div>\r\n              <\/div>\r\n    <\/div>\r\n    \t\t\t\t<\/div>\n\t\t\t\t<\/div>\n\t\t\t\t\t<\/div>\n\t\t\t\t<\/div>\n\t\t<div class=\"elementor-element elementor-element-71dc3d0 e-flex e-con-boxed e-con e-parent\" data-id=\"71dc3d0\" data-element_type=\"container\">\n\t\t\t\t\t<div class=\"e-con-inner\">\n\t\t<div class=\"elementor-element elementor-element-6ffdda3 e-con-full e-flex e-con e-child\" data-id=\"6ffdda3\" data-element_type=\"container\">\n\t\t\t\t<div class=\"elementor-element elementor-element-93f4253 elementor-widget elementor-widget-image\" data-id=\"93f4253\" data-element_type=\"widget\" data-widget_type=\"image.default\">\n\t\t\t\t<div class=\"elementor-widget-container\">\n\t\t\t\t\t\t\t\t\t\t\t\t\t\t\t<img fetchpriority=\"high\" decoding=\"async\" width=\"433\" height=\"361\" src=\"https:\/\/dev.gomnetwork.com\/beatb-transvansrapid\/wp-content\/uploads\/2025\/01\/Hombre-verificando-mercancia-en-camion-nuevo.webp\" class=\"attachment-full size-full wp-image-1123\" alt=\"Hombre verificando mercanc\u00eda en cami\u00f3n nuevo\" srcset=\"https:\/\/dev.gomnetwork.com\/beatb-transvansrapid\/wp-content\/uploads\/2025\/01\/Hombre-verificando-mercancia-en-camion-nuevo.webp 433w, https:\/\/dev.gomnetwork.com\/beatb-transvansrapid\/wp-content\/uploads\/2025\/01\/Hombre-verificando-mercancia-en-camion-nuevo-300x250.webp 300w\" sizes=\"(max-width: 433px) 100vw, 433px\" \/>\t\t\t\t\t\t\t\t\t\t\t\t\t\t\t<\/div>\n\t\t\t\t<\/div>\n\t\t\t\t<\/div>\n\t\t<div class=\"elementor-element elementor-element-9c80d7e e-con-full e-flex e-con e-child\" data-id=\"9c80d7e\" data-element_type=\"container\">\n\t\t\t\t<div class=\"elementor-element elementor-element-a491d29 elementor-widget__width-initial elementor-widget elementor-widget-heading\" data-id=\"a491d29\" data-element_type=\"widget\" data-widget_type=\"heading.default\">\n\t\t\t\t<div class=\"elementor-widget-container\">\n\t\t\t\t\t<h2 class=\"elementor-heading-title elementor-size-default\">Tus prendas delicadas llegan listas: sin pliegues, ni demoras.<\/h2>\t\t\t\t<\/div>\n\t\t\t\t<\/div>\n\t\t\t\t<div class=\"elementor-element elementor-element-107c045 elementor-widget elementor-widget-text-editor\" data-id=\"107c045\" data-element_type=\"widget\" data-widget_type=\"text-editor.default\">\n\t\t\t\t<div class=\"elementor-widget-container\">\n\t\t\t\t\t\t\t\t\t<p>El servicio de prenda colgada permite transportar ropa en perchas, asegurando que las prendas lleguen listas para ser expuestas sin arrugas ni da\u00f1os. Este metodo es ideal para prendas delicadas o de alto valor como trajes, abrigos y vestidos, ya qye evita procesos intermedios de planchado y preparacion, optimizando el tiempo y los costes.<\/p>\t\t\t\t\t\t\t\t<\/div>\n\t\t\t\t<\/div>\n\t\t\t\t<div class=\"elementor-element elementor-element-643033a elementor-align-left elementor-mobile-align-center elementor-widget elementor-widget-button\" data-id=\"643033a\" data-element_type=\"widget\" data-widget_type=\"button.default\">\n\t\t\t\t<div class=\"elementor-widget-container\">\n\t\t\t\t\t\t\t\t\t<div class=\"elementor-button-wrapper\">\n\t\t\t\t\t<a class=\"elementor-button elementor-button-link elementor-size-sm\" href=\"#formulario\">\n\t\t\t\t\t\t<span class=\"elementor-button-content-wrapper\">\n\t\t\t\t\t\t\t\t\t<span class=\"elementor-button-text\">Hablemos  \u2197<\/span>\n\t\t\t\t\t<\/span>\n\t\t\t\t\t<\/a>\n\t\t\t\t<\/div>\n\t\t\t\t\t\t\t\t<\/div>\n\t\t\t\t<\/div>\n\t\t\t\t<\/div>\n\t\t\t\t\t<\/div>\n\t\t\t\t<\/div>\n\t\t<div class=\"elementor-element elementor-element-7e336d4 e-flex e-con-boxed e-con e-parent\" data-id=\"7e336d4\" data-element_type=\"container\" data-settings=\"{&quot;background_background&quot;:&quot;classic&quot;}\">\n\t\t\t\t\t<div class=\"e-con-inner\">\n\t\t<div class=\"elementor-element elementor-element-b7be1e4 e-con-full e-flex e-con e-child\" data-id=\"b7be1e4\" data-element_type=\"container\">\n\t\t\t\t<div class=\"elementor-element elementor-element-1a16b9a elementor-widget elementor-widget-heading\" data-id=\"1a16b9a\" data-element_type=\"widget\" data-widget_type=\"heading.default\">\n\t\t\t\t<div class=\"elementor-widget-container\">\n\t\t\t\t\t<h2 class=\"elementor-heading-title elementor-size-default\">\u00bfPor que  nosotros?<\/h2>\t\t\t\t<\/div>\n\t\t\t\t<\/div>\n\t\t\t\t<\/div>\n\t\t<div class=\"elementor-element elementor-element-fc4166a e-con-full e-flex e-con e-child\" data-id=\"fc4166a\" data-element_type=\"container\">\n\t\t\t\t<div class=\"elementor-element elementor-element-6ea13d1 elementor-widget elementor-widget-themeasy-card\" data-id=\"6ea13d1\" data-element_type=\"widget\" data-widget_type=\"themeasy-card.default\">\n\t\t\t\t<div class=\"elementor-widget-container\">\n\t\t\t\t\t    <!-- Card -->\r\n    <div class=\"card parent has-icon box-shadow\" data-animation=\"\" data-animation-delay=\"\">\r\n            <div class=\"card-body\">\r\n        <svg class=\"card-icon e-font-icon-svg e-fas-shipping-fast\" aria-hidden=\"true\" viewBox=\"0 0 640 512\" xmlns=\"http:\/\/www.w3.org\/2000\/svg\"><path d=\"M624 352h-16V243.9c0-12.7-5.1-24.9-14.1-33.9L494 110.1c-9-9-21.2-14.1-33.9-14.1H416V48c0-26.5-21.5-48-48-48H112C85.5 0 64 21.5 64 48v48H8c-4.4 0-8 3.6-8 8v16c0 4.4 3.6 8 8 8h272c4.4 0 8 3.6 8 8v16c0 4.4-3.6 8-8 8H40c-4.4 0-8 3.6-8 8v16c0 4.4 3.6 8 8 8h208c4.4 0 8 3.6 8 8v16c0 4.4-3.6 8-8 8H8c-4.4 0-8 3.6-8 8v16c0 4.4 3.6 8 8 8h208c4.4 0 8 3.6 8 8v16c0 4.4-3.6 8-8 8H64v128c0 53 43 96 96 96s96-43 96-96h128c0 53 43 96 96 96s96-43 96-96h48c8.8 0 16-7.2 16-16v-32c0-8.8-7.2-16-16-16zM160 464c-26.5 0-48-21.5-48-48s21.5-48 48-48 48 21.5 48 48-21.5 48-48 48zm320 0c-26.5 0-48-21.5-48-48s21.5-48 48-48 48 21.5 48 48-21.5 48-48 48zm80-208H416V144h44.1l99.9 99.9V256z\"><\/path><\/svg><div class=\"card-text-wrapper\"><h3 class=\"title line-clamp-2\">CONFIRMACION ENTREGA<\/h3><div class=\"description line-clamp-2\"><p>Siempre estar\u00e1 informado y recibir\u00e1 confirmaci\u00f3n de entrega de su mercanc\u00eda<\/p><\/div><\/div>      <\/div>\r\n      <!-- Link -->\r\n      <a  class=\"full-link\">\r\n                \r\n      <\/a>\r\n    <\/div>\r\n\r\n    \t\t\t\t<\/div>\n\t\t\t\t<\/div>\n\t\t\t\t<\/div>\n\t\t<div class=\"elementor-element elementor-element-5182c58 e-con-full e-flex e-con e-child\" data-id=\"5182c58\" data-element_type=\"container\">\n\t\t\t\t<div class=\"elementor-element elementor-element-962e3d5 elementor-widget elementor-widget-themeasy-card\" data-id=\"962e3d5\" data-element_type=\"widget\" data-widget_type=\"themeasy-card.default\">\n\t\t\t\t<div class=\"elementor-widget-container\">\n\t\t\t\t\t    <!-- Card -->\r\n    <div class=\"card parent has-icon box-shadow\" data-animation=\"\" data-animation-delay=\"\">\r\n            <div class=\"card-body\">\r\n        <svg class=\"card-icon e-font-icon-svg e-fas-clock\" aria-hidden=\"true\" viewBox=\"0 0 512 512\" xmlns=\"http:\/\/www.w3.org\/2000\/svg\"><path d=\"M256,8C119,8,8,119,8,256S119,504,256,504,504,393,504,256,393,8,256,8Zm92.49,313h0l-20,25a16,16,0,0,1-22.49,2.5h0l-67-49.72a40,40,0,0,1-15-31.23V112a16,16,0,0,1,16-16h32a16,16,0,0,1,16,16V256l58,42.5A16,16,0,0,1,348.49,321Z\"><\/path><\/svg><div class=\"card-text-wrapper\"><h3 class=\"title line-clamp-2\">HORARIO FLEXIBLES<\/h3><div class=\"description line-clamp-2\"><p>Nos adaptamos a vosotros para recoger la mercanc\u00eda cuando mas os convenga.<\/p><\/div><\/div>      <\/div>\r\n      <!-- Link -->\r\n      <a  class=\"full-link\">\r\n                \r\n      <\/a>\r\n    <\/div>\r\n\r\n    \t\t\t\t<\/div>\n\t\t\t\t<\/div>\n\t\t\t\t<\/div>\n\t\t<div class=\"elementor-element elementor-element-edfc985 e-con-full e-flex e-con e-child\" data-id=\"edfc985\" data-element_type=\"container\">\n\t\t\t\t<div class=\"elementor-element elementor-element-9c4f27c elementor-widget elementor-widget-themeasy-card\" data-id=\"9c4f27c\" data-element_type=\"widget\" data-widget_type=\"themeasy-card.default\">\n\t\t\t\t<div class=\"elementor-widget-container\">\n\t\t\t\t\t    <!-- Card -->\r\n    <div class=\"card parent has-icon box-shadow\" data-animation=\"\" data-animation-delay=\"\">\r\n            <div class=\"card-body\">\r\n        <svg class=\"card-icon e-font-icon-svg e-fas-phone-alt\" aria-hidden=\"true\" viewBox=\"0 0 512 512\" xmlns=\"http:\/\/www.w3.org\/2000\/svg\"><path d=\"M497.39 361.8l-112-48a24 24 0 0 0-28 6.9l-49.6 60.6A370.66 370.66 0 0 1 130.6 204.11l60.6-49.6a23.94 23.94 0 0 0 6.9-28l-48-112A24.16 24.16 0 0 0 122.6.61l-104 24A24 24 0 0 0 0 48c0 256.5 207.9 464 464 464a24 24 0 0 0 23.4-18.6l24-104a24.29 24.29 0 0 0-14.01-27.6z\"><\/path><\/svg><div class=\"card-text-wrapper\"><h3 class=\"title line-clamp-2\">LLAMA AL CONDUCTOR<\/h3><div class=\"description line-clamp-2\"><p>Contacto directo para que est\u00e9s informado en primera persona del estado y la localizaci\u00f3n de vuestros productos.<\/p><\/div><\/div>      <\/div>\r\n      <!-- Link -->\r\n      <a  class=\"full-link\">\r\n                \r\n      <\/a>\r\n    <\/div>\r\n\r\n    \t\t\t\t<\/div>\n\t\t\t\t<\/div>\n\t\t\t\t<\/div>\n\t\t\t\t\t<\/div>\n\t\t\t\t<\/div>\n\t\t<div class=\"elementor-element elementor-element-73a8819 e-flex e-con-boxed e-con e-parent\" data-id=\"73a8819\" data-element_type=\"container\" data-settings=\"{&quot;background_background&quot;:&quot;classic&quot;}\">\n\t\t\t\t\t<div class=\"e-con-inner\">\n\t\t<div class=\"elementor-element elementor-element-3ffe6cd e-con-full e-flex e-con e-child\" data-id=\"3ffe6cd\" data-element_type=\"container\">\n\t\t\t\t<div class=\"elementor-element elementor-element-35e062f elementor-widget elementor-widget-heading\" data-id=\"35e062f\" data-element_type=\"widget\" data-widget_type=\"heading.default\">\n\t\t\t\t<div class=\"elementor-widget-container\">\n\t\t\t\t\t<h2 class=\"elementor-heading-title elementor-size-default\">SERVIMOS A TODO EL TERRITORIO<\/h2>\t\t\t\t<\/div>\n\t\t\t\t<\/div>\n\t\t\t\t<\/div>\n\t\t<div class=\"elementor-element elementor-element-584be6a e-con-full e-flex e-con e-child\" data-id=\"584be6a\" data-element_type=\"container\" data-settings=\"{&quot;background_background&quot;:&quot;classic&quot;}\">\n\t\t\t\t<div class=\"elementor-element elementor-element-c0012f5 elementor-widget elementor-widget-themeasy-image\" data-id=\"c0012f5\" data-element_type=\"widget\" data-widget_type=\"themeasy-image.default\">\n\t\t\t\t<div class=\"elementor-widget-container\">\n\t\t\t\t\t    <div class=\"holder align-h-center align-v-center\">\r\n            <div class=\"image-wrapper align-h-center\" data-animation=\"\" data-animation-delay=\"\">\r\n        <a  class=\"full-link  align-h-center\">\r\n          <img decoding=\"async\" src=\"https:\/\/dev.gomnetwork.com\/beatb-transvansrapid\/wp-content\/uploads\/2025\/01\/Barcelona.webp\" alt=\"Barcelona\" class=\"image\" \/>        <\/a>  \r\n              <\/div>\r\n    <\/div>\r\n    \t\t\t\t<\/div>\n\t\t\t\t<\/div>\n\t\t\t\t<div class=\"elementor-element elementor-element-ec8d6ae elementor-widget elementor-widget-themeasy-intro-text\" data-id=\"ec8d6ae\" data-element_type=\"widget\" data-widget_type=\"themeasy-intro-text.default\">\n\t\t\t\t<div class=\"elementor-widget-container\">\n\t\t\t\t\t    <!-- Intro Text -->\r\n    <div class=\"intro-text style-1 mx-auto text-center\" data-animation=\"\">\r\n      <span class=\"pre-title\">Transporte local<\/span><div class=\"description \"><p>Garantizamos el transporte local de forma urgente y profesional.<\/p><\/div>    <\/div>\r\n        \t\t\t\t<\/div>\n\t\t\t\t<\/div>\n\t\t\t\t<\/div>\n\t\t<div class=\"elementor-element elementor-element-f9c27fa e-con-full e-flex e-con e-child\" data-id=\"f9c27fa\" data-element_type=\"container\" data-settings=\"{&quot;background_background&quot;:&quot;classic&quot;}\">\n\t\t\t\t<div class=\"elementor-element elementor-element-ec31e5f elementor-widget elementor-widget-themeasy-image\" data-id=\"ec31e5f\" data-element_type=\"widget\" data-widget_type=\"themeasy-image.default\">\n\t\t\t\t<div class=\"elementor-widget-container\">\n\t\t\t\t\t    <div class=\"holder align-h-center align-v-center\">\r\n            <div class=\"image-wrapper align-h-center\" data-animation=\"\" data-animation-delay=\"\">\r\n        <a  class=\"full-link  align-h-center\">\r\n          <img decoding=\"async\" src=\"https:\/\/dev.gomnetwork.com\/beatb-transvansrapid\/wp-content\/uploads\/2025\/01\/Transporte-nacional.webp\" alt=\"Transporte nacional\" class=\"image\" \/>        <\/a>  \r\n              <\/div>\r\n    <\/div>\r\n    \t\t\t\t<\/div>\n\t\t\t\t<\/div>\n\t\t\t\t<div class=\"elementor-element elementor-element-75931cc elementor-widget elementor-widget-themeasy-intro-text\" data-id=\"75931cc\" data-element_type=\"widget\" data-widget_type=\"themeasy-intro-text.default\">\n\t\t\t\t<div class=\"elementor-widget-container\">\n\t\t\t\t\t    <!-- Intro Text -->\r\n    <div class=\"intro-text style-1 mx-auto text-center\" data-animation=\"\">\r\n      <span class=\"pre-title\">Transporte Nacional<\/span><div class=\"description \"><p>Recorremos toda espa\u00f1a con total felxibilidad.<\/p><\/div>    <\/div>\r\n        \t\t\t\t<\/div>\n\t\t\t\t<\/div>\n\t\t\t\t<\/div>\n\t\t<div class=\"elementor-element elementor-element-53cf9f9 e-con-full e-flex e-con e-child\" data-id=\"53cf9f9\" data-element_type=\"container\" data-settings=\"{&quot;background_background&quot;:&quot;classic&quot;}\">\n\t\t\t\t<div class=\"elementor-element elementor-element-240cde0 elementor-widget elementor-widget-themeasy-image\" data-id=\"240cde0\" data-element_type=\"widget\" data-widget_type=\"themeasy-image.default\">\n\t\t\t\t<div class=\"elementor-widget-container\">\n\t\t\t\t\t    <div class=\"holder align-h-center align-v-center\">\r\n            <div class=\"image-wrapper align-h-center\" data-animation=\"\" data-animation-delay=\"\">\r\n        <a  class=\"full-link  align-h-center\">\r\n          <img decoding=\"async\" src=\"https:\/\/dev.gomnetwork.com\/beatb-transvansrapid\/wp-content\/uploads\/2025\/01\/Transporte-internacional.webp\" alt=\"Transporte internacional\" class=\"image\" \/>        <\/a>  \r\n              <\/div>\r\n    <\/div>\r\n    \t\t\t\t<\/div>\n\t\t\t\t<\/div>\n\t\t\t\t<div class=\"elementor-element elementor-element-b31f1b8 elementor-widget elementor-widget-themeasy-intro-text\" data-id=\"b31f1b8\" data-element_type=\"widget\" data-widget_type=\"themeasy-intro-text.default\">\n\t\t\t\t<div class=\"elementor-widget-container\">\n\t\t\t\t\t    <!-- Intro Text -->\r\n    <div class=\"intro-text style-1 mx-auto text-center\" data-animation=\"\">\r\n      <span class=\"pre-title\">Transporte Internacional <\/span><div class=\"description \"><p>No entendemos fronteras. Dinos un destino y nosotros entregaremos la mercanc\u00eda.<\/p><\/div>    <\/div>\r\n        \t\t\t\t<\/div>\n\t\t\t\t<\/div>\n\t\t\t\t<\/div>\n\t\t\t\t\t<\/div>\n\t\t\t\t<\/div>\n\t\t<div class=\"elementor-element elementor-element-41233f9 e-flex e-con-boxed e-con e-parent\" data-id=\"41233f9\" data-element_type=\"container\" data-settings=\"{&quot;background_background&quot;:&quot;classic&quot;}\">\n\t\t\t\t\t<div class=\"e-con-inner\">\n\t\t<div class=\"elementor-element elementor-element-4812d7d e-con-full e-flex e-con e-child\" data-id=\"4812d7d\" data-element_type=\"container\">\n\t\t\t\t<div class=\"elementor-element elementor-element-71b4d4f elementor-widget__width-initial elementor-widget elementor-widget-heading\" data-id=\"71b4d4f\" data-element_type=\"widget\" data-widget_type=\"heading.default\">\n\t\t\t\t<div class=\"elementor-widget-container\">\n\t\t\t\t\t<h2 class=\"elementor-heading-title elementor-size-default\">Programa el transporte de tus mercanc\u00edas hoy<\/h2>\t\t\t\t<\/div>\n\t\t\t\t<\/div>\n\t\t\t\t<div class=\"elementor-element elementor-element-2fa5d42 elementor-widget elementor-widget-text-editor\" data-id=\"2fa5d42\" data-element_type=\"widget\" data-widget_type=\"text-editor.default\">\n\t\t\t\t<div class=\"elementor-widget-container\">\n\t\t\t\t\t\t\t\t\t<p>En Transvansrapid, estamos listos para atender tus necesidades de transporte urgente y prenda colgada.<\/p>\t\t\t\t\t\t\t\t<\/div>\n\t\t\t\t<\/div>\n\t\t\t\t<\/div>\n\t\t<div class=\"elementor-element elementor-element-c568d13 e-con-full e-flex e-con e-child\" data-id=\"c568d13\" data-element_type=\"container\">\n\t\t\t\t<div class=\"elementor-element elementor-element-eee60c0 elementor-widget elementor-widget-shortcode\" data-id=\"eee60c0\" data-element_type=\"widget\" data-widget_type=\"shortcode.default\">\n\t\t\t\t<div class=\"elementor-widget-container\">\n\t\t\t\t\t\t\t<div class=\"elementor-shortcode\">\n<div class=\"wpcf7 no-js\" id=\"wpcf7-f123-o1\" lang=\"es-ES\" dir=\"ltr\" data-wpcf7-id=\"123\">\n<div class=\"screen-reader-response\"><p role=\"status\" aria-live=\"polite\" aria-atomic=\"true\"><\/p> <ul><\/ul><\/div>\n<form action=\"\/beatb-transvansrapid\/wp-json\/wp\/v2\/pages\/95#wpcf7-f123-o1\" method=\"post\" class=\"wpcf7-form init\" aria-label=\"Formulario de contacto\" novalidate=\"novalidate\" data-status=\"init\">\n<div style=\"display: none;\">\n<input type=\"hidden\" name=\"_wpcf7\" value=\"123\" \/>\n<input type=\"hidden\" name=\"_wpcf7_version\" value=\"6.0.5\" \/>\n<input type=\"hidden\" name=\"_wpcf7_locale\" value=\"es_ES\" \/>\n<input type=\"hidden\" name=\"_wpcf7_unit_tag\" value=\"wpcf7-f123-o1\" \/>\n<input type=\"hidden\" name=\"_wpcf7_container_post\" value=\"0\" \/>\n<input type=\"hidden\" name=\"_wpcf7_posted_data_hash\" value=\"\" \/>\n<\/div>\n<div class=\"idt-field\">\n<label> Nombre<\/label>\n<span class=\"wpcf7-form-control-wrap\" data-name=\"contact-name\"><input size=\"40\" maxlength=\"400\" class=\"wpcf7-form-control wpcf7-text wpcf7-validates-as-required\" autocomplete=\"name\" aria-required=\"true\" aria-invalid=\"false\" placeholder=\"Nombre\" value=\"\" type=\"text\" name=\"contact-name\" \/><\/span>\n<\/div>\n\n<div class=\"idt-field\">\n<label>Servicio<\/label>\n<span class=\"wpcf7-form-control-wrap\" data-name=\"service\"><select class=\"wpcf7-form-control wpcf7-select wpcf7-validates-as-required\" aria-required=\"true\" aria-invalid=\"false\" name=\"service\"><option value=\"\">Servicio<\/option><option value=\"Transporte urgente\">Transporte urgente<\/option><option value=\"Prenda colgada\">Prenda colgada<\/option><\/select><\/span>\n<\/div>\n\n<div class=\"idt-field\">\n<label>Tel\u00e9fono<\/label>\n<span class=\"wpcf7-form-control-wrap\" data-name=\"phone\"><input size=\"40\" maxlength=\"400\" class=\"wpcf7-form-control wpcf7-tel wpcf7-validates-as-required wpcf7-text wpcf7-validates-as-tel\" aria-required=\"true\" aria-invalid=\"false\" placeholder=\"Tel\u00e9fono\" value=\"\" type=\"tel\" name=\"phone\" \/><\/span>\n<\/div>\n\n<div class=\"idt-field\">\n<label>Correo electr\u00f3nico<\/label>\n<span class=\"wpcf7-form-control-wrap\" data-name=\"contact-email\"><input size=\"40\" maxlength=\"400\" class=\"wpcf7-form-control wpcf7-email wpcf7-validates-as-required wpcf7-text wpcf7-validates-as-email\" autocomplete=\"email\" aria-required=\"true\" aria-invalid=\"false\" placeholder=\"Correo electr\u00f3nico\" value=\"\" type=\"email\" name=\"contact-email\" \/><\/span>\n<\/div>\n\n<div class=\"idt-field idt-full-width\">\n<label>Mensaje<\/label>\n<span class=\"wpcf7-form-control-wrap\" data-name=\"message\"><textarea cols=\"40\" rows=\"3\" maxlength=\"2000\" class=\"wpcf7-form-control wpcf7-textarea idt-full-width\" aria-invalid=\"false\" placeholder=\"Mensaje\" name=\"message\"><\/textarea><\/span>\n<\/div>\n\n<div class=\"idt-field idt-full-width\">\n<span class=\"wpcf7-form-control-wrap\" data-name=\"privacy-policy\"><span class=\"wpcf7-form-control wpcf7-acceptance\"><span class=\"wpcf7-list-item\"><label><input type=\"checkbox\" name=\"privacy-policy\" value=\"1\" class=\"idt-full-width\" aria-invalid=\"false\" \/><span class=\"wpcf7-list-item-label\">Acepto los t\u00e9rminos de uso.<\/span><\/label><\/span><\/span><\/span>\n<\/div>\n\n<input class=\"wpcf7-form-control wpcf7-submit has-spinner\" type=\"submit\" value=\"Habldemos\" \/><div class=\"wpcf7-response-output\" aria-hidden=\"true\"><\/div>\n<\/form>\n<\/div>\n<\/div>\n\t\t\t\t\t\t<\/div>\n\t\t\t\t<\/div>\n\t\t\t\t<\/div>\n\t\t\t\t\t<\/div>\n\t\t\t\t<\/div>\n\t\t\t\t<\/div>\n\t\t","protected":false},"excerpt":{"rendered":"<p>Prenda colgada Transportamos tus mercanc\u00edas textiles \u2713 Cuidamos la calidad de tus prendas\u00a0 \u2713 Optimiza tus operaciones Hablemos \u2197 Servicio especializado para el sector textil Transportamos tus mercanc\u00edas textiles \u2713&#8230;<\/p>\n","protected":false},"author":1,"featured_media":0,"parent":0,"menu_order":0,"comment_status":"closed","ping_status":"closed","template":"elementor_header_footer","meta":{"footnotes":""},"class_list":["post-95","page","type-page","status-publish","hentry"],"_links":{"self":[{"href":"https:\/\/dev.gomnetwork.com\/beatb-transvansrapid\/wp-json\/wp\/v2\/pages\/95","targetHints":{"allow":["GET"]}}],"collection":[{"href":"https:\/\/dev.gomnetwork.com\/beatb-transvansrapid\/wp-json\/wp\/v2\/pages"}],"about":[{"href":"https:\/\/dev.gomnetwork.com\/beatb-transvansrapid\/wp-json\/wp\/v2\/types\/page"}],"author":[{"embeddable":true,"href":"https:\/\/dev.gomnetwork.com\/beatb-transvansrapid\/wp-json\/wp\/v2\/users\/1"}],"replies":[{"embeddable":true,"href":"https:\/\/dev.gomnetwork.com\/beatb-transvansrapid\/wp-json\/wp\/v2\/comments?post=95"}],"version-history":[{"count":96,"href":"https:\/\/dev.gomnetwork.com\/beatb-transvansrapid\/wp-json\/wp\/v2\/pages\/95\/revisions"}],"predecessor-version":[{"id":1396,"href":"https:\/\/dev.gomnetwork.com\/beatb-transvansrapid\/wp-json\/wp\/v2\/pages\/95\/revisions\/1396"}],"wp:attachment":[{"href":"https:\/\/dev.gomnetwork.com\/beatb-transvansrapid\/wp-json\/wp\/v2\/media?parent=95"}],"curies":[{"name":"wp","href":"https:\/\/api.w.org\/{rel}","templated":true}]}}