{"id":289,"date":"2024-10-29T00:22:01","date_gmt":"2024-10-28T23:22:01","guid":{"rendered":"https:\/\/dev.gomnetwork.com\/beatb-transvansrapid\/?page_id=289"},"modified":"2025-01-31T21:32:26","modified_gmt":"2025-01-31T20:32:26","slug":"transporte-directo","status":"publish","type":"page","link":"https:\/\/dev.gomnetwork.com\/beatb-transvansrapid\/transporte-directo\/","title":{"rendered":"Transporte directo"},"content":{"rendered":"\t\t<div data-elementor-type=\"wp-page\" data-elementor-id=\"289\" class=\"elementor elementor-289\">\n\t\t\t\t<div class=\"elementor-element elementor-element-65304f3 e-con-full elementor-hidden-tablet elementor-hidden-mobile e-flex e-con e-parent\" data-id=\"65304f3\" data-element_type=\"container\">\n\t\t<div class=\"elementor-element elementor-element-a548b9a e-con-full e-flex e-con e-child\" data-id=\"a548b9a\" data-element_type=\"container\" data-settings=\"{&quot;background_background&quot;:&quot;classic&quot;}\">\n\t\t\t\t<div class=\"elementor-element elementor-element-78be4b7 elementor-widget elementor-widget-themeasy-intro-text\" data-id=\"78be4b7\" data-element_type=\"widget\" data-widget_type=\"themeasy-intro-text.default\">\n\t\t\t\t<div class=\"elementor-widget-container\">\n\t\t\t\t\t    <!-- Intro Text -->\r\n    <div class=\"intro-text style-1 me-auto text-start\" data-animation=\"\">\r\n      <div class=\"wrapper\"><div class=\"left-column\"><span class=\"pre-title\">Transporte directo<\/span><h2 class=\"title\"><span class=\"text-1 display-2 normal\">Titulo llamativo del servicio<\/span><\/h2><div class=\"description \"><p>\u2713 Caracter\u00edstica destacada 1\u00a0 <br \/>\u2713 Caracter\u00edstica destacada 2\u00a0<\/p><\/div><\/div>        <!-- Button -->\r\n        <a href=\"https:\/\/dev.gomnetwork.com\/beatb-transvansrapid\/contacto\/\" rel=\"nofollow\" class=\"button light\">\r\n                    <span class=\"button-text\">\r\n            Hablemos \u2197          <\/span>\r\n                            <\/a>  \r\n        <\/div>    <\/div>\r\n        \t\t\t\t<\/div>\n\t\t\t\t<\/div>\n\t\t\t\t<\/div>\n\t\t<div class=\"elementor-element elementor-element-7b08d54 e-con-full e-flex e-con e-child\" data-id=\"7b08d54\" data-element_type=\"container\" data-settings=\"{&quot;background_background&quot;:&quot;classic&quot;}\">\n\t\t\t\t<\/div>\n\t\t\t\t<\/div>\n\t\t<div class=\"elementor-element elementor-element-2454b39 elementor-hidden-desktop e-flex e-con-boxed e-con e-parent\" data-id=\"2454b39\" data-element_type=\"container\" data-settings=\"{&quot;background_background&quot;:&quot;classic&quot;}\">\n\t\t\t\t\t<div class=\"e-con-inner\">\n\t\t\t\t<div class=\"elementor-element elementor-element-6d94242 elementor-widget elementor-widget-themeasy-slider\" data-id=\"6d94242\" data-element_type=\"widget\" data-widget_type=\"themeasy-slider.default\">\n\t\t\t\t<div class=\"elementor-widget-container\">\n\t\t\t\t\t    <!-- Slider -->\r\n    <div class=\"has-overlay\">\r\n      <div class=\"swiper slider tms-slider fit-to-screen\" \r\n        data-autoplay=\"10000\" \r\n        data-loop=\"true\">\r\n        <div class=\"swiper-wrapper\">\r\n                      <div class=\"swiper-slide\">\r\n              <div class=\"banner slide-wrapper\">              <!-- Content -->\r\n              <div class=\"content-wrapper\">\r\n                <div class=\"container\">                <!-- Intro Text -->\r\n                <div class=\"intro-text style-1 mx-auto text-center\">\r\n                  <span class=\"pre-title\">Transporte directo<\/span><h2 class=\"title\"><span class=\"text-1 display-5 normal\">Titulo llamativo del servicio<\/span><\/h2><div class=\"description\"> \u2713 Caracter\u00edstica destacada 1\u00a0 <br> \u2713 Caracter\u00edstica destacada 2\u00a0<\/div>                    <div class=\"button-wrapper justify-content-center\">\r\n                      <a href=\"https:\/\/dev.gomnetwork.com\/beatb-transvansrapid\/contacto\/\" rel=\"nofollow\" class=\"button primary-button filled tms-hover-up-down\">\r\n                                                <span class=\"button-text\">\r\n                          Hablemos  \u2197                        <\/span>\r\n                                                                      <\/a>\r\n                                          <\/div>\r\n                                    <\/div>\r\n                <\/div>              <\/div>\r\n                            \r\n              <!-- Image -->\r\n              <div class=\"image-wrapper\">\r\n                <img decoding=\"async\" src=\"https:\/\/dev.gomnetwork.com\/beatb-transvansrapid\/wp-content\/uploads\/2025\/01\/Hombre-ordenando-mercancia-en-camion.webp\" alt=\"Hombre ordenando mercanc\u00eda en cami\u00f3n\" class=\"image fit-cover\" \/>              <\/div>              \r\n              <!-- Script needed to set auto height. -->\r\n              <script>\r\n                jQuery(function($) {\r\n                  'use strict';\r\n                  var navbar_height = $('#navbar').outerHeight();                  \r\n                  $('.swiper.fit-to-screen .image-wrapper .image').css('height', 'calc(100vh - '+navbar_height+'px)');                  \r\n                })\r\n              <\/script>\r\n              <\/div>            <\/div> <!-- slide -->\r\n                  <\/div>\r\n              <\/div>\r\n    <\/div>\r\n    \t\t\t\t<\/div>\n\t\t\t\t<\/div>\n\t\t\t\t\t<\/div>\n\t\t\t\t<\/div>\n\t\t<div class=\"elementor-element elementor-element-1ce1e98 e-flex e-con-boxed e-con e-parent\" data-id=\"1ce1e98\" data-element_type=\"container\">\n\t\t\t\t\t<div class=\"e-con-inner\">\n\t\t<div class=\"elementor-element elementor-element-b918631 e-con-full e-flex e-con e-child\" data-id=\"b918631\" data-element_type=\"container\">\n\t\t\t\t<div class=\"elementor-element elementor-element-f106c4a elementor-widget elementor-widget-image\" data-id=\"f106c4a\" data-element_type=\"widget\" data-widget_type=\"image.default\">\n\t\t\t\t<div class=\"elementor-widget-container\">\n\t\t\t\t\t\t\t\t\t\t\t\t\t\t\t<img fetchpriority=\"high\" decoding=\"async\" width=\"433\" height=\"361\" src=\"https:\/\/dev.gomnetwork.com\/beatb-transvansrapid\/wp-content\/uploads\/2025\/01\/Hombre-verificando-mercancia-en-camion-nuevo.webp\" class=\"attachment-full size-full wp-image-1123\" alt=\"Hombre verificando mercanc\u00eda en cami\u00f3n nuevo\" srcset=\"https:\/\/dev.gomnetwork.com\/beatb-transvansrapid\/wp-content\/uploads\/2025\/01\/Hombre-verificando-mercancia-en-camion-nuevo.webp 433w, https:\/\/dev.gomnetwork.com\/beatb-transvansrapid\/wp-content\/uploads\/2025\/01\/Hombre-verificando-mercancia-en-camion-nuevo-300x250.webp 300w\" sizes=\"(max-width: 433px) 100vw, 433px\" \/>\t\t\t\t\t\t\t\t\t\t\t\t\t\t\t<\/div>\n\t\t\t\t<\/div>\n\t\t\t\t<\/div>\n\t\t<div class=\"elementor-element elementor-element-d000ab3 e-con-full e-flex e-con e-child\" data-id=\"d000ab3\" data-element_type=\"container\">\n\t\t\t\t<div class=\"elementor-element elementor-element-f12095a elementor-widget__width-initial elementor-widget elementor-widget-heading\" data-id=\"f12095a\" data-element_type=\"widget\" data-widget_type=\"heading.default\">\n\t\t\t\t<div class=\"elementor-widget-container\">\n\t\t\t\t\t<h2 class=\"elementor-heading-title elementor-size-default\">Tus prendas delicadas llegan listas: sin pliegues, ni demoras.<\/h2>\t\t\t\t<\/div>\n\t\t\t\t<\/div>\n\t\t\t\t<div class=\"elementor-element elementor-element-f982f1b elementor-widget elementor-widget-text-editor\" data-id=\"f982f1b\" data-element_type=\"widget\" data-widget_type=\"text-editor.default\">\n\t\t\t\t<div class=\"elementor-widget-container\">\n\t\t\t\t\t\t\t\t\t<p>El servicio de prenda colgada permite transportar ropa en perchas, asegurando que las prendas lleguen listas para ser expuestas sin arrugas ni da\u00f1os. Este metodo es ideal para prendas delicadas o de alto valor como trajes, abrigos y vestidos, ya qye evita procesos intermedios de planchado y preparacion, optimizando el tiempo y los costes.<\/p>\t\t\t\t\t\t\t\t<\/div>\n\t\t\t\t<\/div>\n\t\t\t\t<div class=\"elementor-element elementor-element-666ad4d elementor-align-left elementor-mobile-align-center elementor-widget elementor-widget-button\" data-id=\"666ad4d\" data-element_type=\"widget\" data-widget_type=\"button.default\">\n\t\t\t\t<div class=\"elementor-widget-container\">\n\t\t\t\t\t\t\t\t\t<div class=\"elementor-button-wrapper\">\n\t\t\t\t\t<a class=\"elementor-button elementor-button-link elementor-size-sm\" href=\"#formulario\">\n\t\t\t\t\t\t<span class=\"elementor-button-content-wrapper\">\n\t\t\t\t\t\t\t\t\t<span class=\"elementor-button-text\">Hablemos  \u2197<\/span>\n\t\t\t\t\t<\/span>\n\t\t\t\t\t<\/a>\n\t\t\t\t<\/div>\n\t\t\t\t\t\t\t\t<\/div>\n\t\t\t\t<\/div>\n\t\t\t\t<\/div>\n\t\t\t\t\t<\/div>\n\t\t\t\t<\/div>\n\t\t<div class=\"elementor-element elementor-element-22489c4 e-flex e-con-boxed e-con e-parent\" data-id=\"22489c4\" data-element_type=\"container\" data-settings=\"{&quot;background_background&quot;:&quot;classic&quot;}\">\n\t\t\t\t\t<div class=\"e-con-inner\">\n\t\t<div class=\"elementor-element elementor-element-c95ea8f e-con-full e-flex e-con e-child\" data-id=\"c95ea8f\" data-element_type=\"container\">\n\t\t\t\t<div class=\"elementor-element elementor-element-099f11c elementor-widget elementor-widget-heading\" data-id=\"099f11c\" data-element_type=\"widget\" data-widget_type=\"heading.default\">\n\t\t\t\t<div class=\"elementor-widget-container\">\n\t\t\t\t\t<h2 class=\"elementor-heading-title elementor-size-default\">\u00bfPor que  nosotros?<\/h2>\t\t\t\t<\/div>\n\t\t\t\t<\/div>\n\t\t\t\t<\/div>\n\t\t<div class=\"elementor-element elementor-element-a92c7cd e-con-full e-flex e-con e-child\" data-id=\"a92c7cd\" data-element_type=\"container\">\n\t\t\t\t<div class=\"elementor-element elementor-element-d8451ef elementor-widget elementor-widget-themeasy-card\" data-id=\"d8451ef\" data-element_type=\"widget\" data-widget_type=\"themeasy-card.default\">\n\t\t\t\t<div class=\"elementor-widget-container\">\n\t\t\t\t\t    <!-- Card -->\r\n    <div class=\"card parent has-icon box-shadow\" data-animation=\"\" data-animation-delay=\"\">\r\n            <div class=\"card-body\">\r\n        <svg class=\"card-icon e-font-icon-svg e-fas-shipping-fast\" aria-hidden=\"true\" viewBox=\"0 0 640 512\" xmlns=\"http:\/\/www.w3.org\/2000\/svg\"><path d=\"M624 352h-16V243.9c0-12.7-5.1-24.9-14.1-33.9L494 110.1c-9-9-21.2-14.1-33.9-14.1H416V48c0-26.5-21.5-48-48-48H112C85.5 0 64 21.5 64 48v48H8c-4.4 0-8 3.6-8 8v16c0 4.4 3.6 8 8 8h272c4.4 0 8 3.6 8 8v16c0 4.4-3.6 8-8 8H40c-4.4 0-8 3.6-8 8v16c0 4.4 3.6 8 8 8h208c4.4 0 8 3.6 8 8v16c0 4.4-3.6 8-8 8H8c-4.4 0-8 3.6-8 8v16c0 4.4 3.6 8 8 8h208c4.4 0 8 3.6 8 8v16c0 4.4-3.6 8-8 8H64v128c0 53 43 96 96 96s96-43 96-96h128c0 53 43 96 96 96s96-43 96-96h48c8.8 0 16-7.2 16-16v-32c0-8.8-7.2-16-16-16zM160 464c-26.5 0-48-21.5-48-48s21.5-48 48-48 48 21.5 48 48-21.5 48-48 48zm320 0c-26.5 0-48-21.5-48-48s21.5-48 48-48 48 21.5 48 48-21.5 48-48 48zm80-208H416V144h44.1l99.9 99.9V256z\"><\/path><\/svg><div class=\"card-text-wrapper\"><h3 class=\"title line-clamp-2\">CONFIRMACION ENTREGA<\/h3><div class=\"description line-clamp-2\"><p>Siempre estar\u00e1 informado y recibir\u00e1 confirmaci\u00f3n de entrega de su mercanc\u00eda<\/p><\/div><\/div>      <\/div>\r\n      <!-- Link -->\r\n      <a  class=\"full-link\">\r\n                \r\n      <\/a>\r\n    <\/div>\r\n\r\n    \t\t\t\t<\/div>\n\t\t\t\t<\/div>\n\t\t\t\t<\/div>\n\t\t<div class=\"elementor-element elementor-element-d23f974 e-con-full e-flex e-con e-child\" data-id=\"d23f974\" data-element_type=\"container\">\n\t\t\t\t<div class=\"elementor-element elementor-element-c933ff8 elementor-widget elementor-widget-themeasy-card\" data-id=\"c933ff8\" data-element_type=\"widget\" data-widget_type=\"themeasy-card.default\">\n\t\t\t\t<div class=\"elementor-widget-container\">\n\t\t\t\t\t    <!-- Card -->\r\n    <div class=\"card parent has-icon box-shadow\" data-animation=\"\" data-animation-delay=\"\">\r\n            <div class=\"card-body\">\r\n        <svg class=\"card-icon e-font-icon-svg e-fas-clock\" aria-hidden=\"true\" viewBox=\"0 0 512 512\" xmlns=\"http:\/\/www.w3.org\/2000\/svg\"><path d=\"M256,8C119,8,8,119,8,256S119,504,256,504,504,393,504,256,393,8,256,8Zm92.49,313h0l-20,25a16,16,0,0,1-22.49,2.5h0l-67-49.72a40,40,0,0,1-15-31.23V112a16,16,0,0,1,16-16h32a16,16,0,0,1,16,16V256l58,42.5A16,16,0,0,1,348.49,321Z\"><\/path><\/svg><div class=\"card-text-wrapper\"><h3 class=\"title line-clamp-2\">HORARIO FLEXIBLES<\/h3><div class=\"description line-clamp-2\"><p>Nos adaptamos a vosotros para recoger la mercanc\u00eda cuando mas os convenga.<\/p><\/div><\/div>      <\/div>\r\n      <!-- Link -->\r\n      <a  class=\"full-link\">\r\n                \r\n      <\/a>\r\n    <\/div>\r\n\r\n    \t\t\t\t<\/div>\n\t\t\t\t<\/div>\n\t\t\t\t<\/div>\n\t\t<div class=\"elementor-element elementor-element-be7cf94 e-con-full e-flex e-con e-child\" data-id=\"be7cf94\" data-element_type=\"container\">\n\t\t\t\t<div class=\"elementor-element elementor-element-4ccd1c7 elementor-widget elementor-widget-themeasy-card\" data-id=\"4ccd1c7\" data-element_type=\"widget\" data-widget_type=\"themeasy-card.default\">\n\t\t\t\t<div class=\"elementor-widget-container\">\n\t\t\t\t\t    <!-- Card -->\r\n    <div class=\"card parent has-icon box-shadow\" data-animation=\"\" data-animation-delay=\"\">\r\n            <div class=\"card-body\">\r\n        <svg class=\"card-icon e-font-icon-svg e-fas-phone-alt\" aria-hidden=\"true\" viewBox=\"0 0 512 512\" xmlns=\"http:\/\/www.w3.org\/2000\/svg\"><path d=\"M497.39 361.8l-112-48a24 24 0 0 0-28 6.9l-49.6 60.6A370.66 370.66 0 0 1 130.6 204.11l60.6-49.6a23.94 23.94 0 0 0 6.9-28l-48-112A24.16 24.16 0 0 0 122.6.61l-104 24A24 24 0 0 0 0 48c0 256.5 207.9 464 464 464a24 24 0 0 0 23.4-18.6l24-104a24.29 24.29 0 0 0-14.01-27.6z\"><\/path><\/svg><div class=\"card-text-wrapper\"><h3 class=\"title line-clamp-2\">LLAMA AL CONDUCTOR<\/h3><div class=\"description line-clamp-2\"><p>Contacto directo para que est\u00e9s informado en primera persona del estado y la localizaci\u00f3n de vuestros productos.<\/p><\/div><\/div>      <\/div>\r\n      <!-- Link -->\r\n      <a  class=\"full-link\">\r\n                \r\n      <\/a>\r\n    <\/div>\r\n\r\n    \t\t\t\t<\/div>\n\t\t\t\t<\/div>\n\t\t\t\t<\/div>\n\t\t\t\t\t<\/div>\n\t\t\t\t<\/div>\n\t\t<div class=\"elementor-element elementor-element-2136093 e-flex e-con-boxed e-con e-parent\" data-id=\"2136093\" data-element_type=\"container\" data-settings=\"{&quot;background_background&quot;:&quot;classic&quot;}\">\n\t\t\t\t\t<div class=\"e-con-inner\">\n\t\t<div class=\"elementor-element elementor-element-b7e505b e-con-full e-flex e-con e-child\" data-id=\"b7e505b\" data-element_type=\"container\">\n\t\t\t\t<div class=\"elementor-element elementor-element-b9b4445 elementor-widget elementor-widget-heading\" data-id=\"b9b4445\" data-element_type=\"widget\" data-widget_type=\"heading.default\">\n\t\t\t\t<div class=\"elementor-widget-container\">\n\t\t\t\t\t<h2 class=\"elementor-heading-title elementor-size-default\">SERVIMOS A TODO EL TERRITORIO<\/h2>\t\t\t\t<\/div>\n\t\t\t\t<\/div>\n\t\t\t\t<\/div>\n\t\t<div class=\"elementor-element elementor-element-69929ec e-con-full e-flex e-con e-child\" data-id=\"69929ec\" data-element_type=\"container\" data-settings=\"{&quot;background_background&quot;:&quot;classic&quot;}\">\n\t\t\t\t<div class=\"elementor-element elementor-element-a4a35ce elementor-widget elementor-widget-themeasy-image\" data-id=\"a4a35ce\" data-element_type=\"widget\" data-widget_type=\"themeasy-image.default\">\n\t\t\t\t<div class=\"elementor-widget-container\">\n\t\t\t\t\t    <div class=\"holder align-h-center align-v-center\">\r\n            <div class=\"image-wrapper align-h-center\" data-animation=\"\" data-animation-delay=\"\">\r\n        <a  class=\"full-link  align-h-center\">\r\n          <img decoding=\"async\" src=\"https:\/\/dev.gomnetwork.com\/beatb-transvansrapid\/wp-content\/uploads\/2025\/01\/Barcelona.webp\" alt=\"Barcelona\" class=\"image\" \/>        <\/a>  \r\n              <\/div>\r\n    <\/div>\r\n    \t\t\t\t<\/div>\n\t\t\t\t<\/div>\n\t\t\t\t<div class=\"elementor-element elementor-element-893d9c8 elementor-widget elementor-widget-themeasy-intro-text\" data-id=\"893d9c8\" data-element_type=\"widget\" data-widget_type=\"themeasy-intro-text.default\">\n\t\t\t\t<div class=\"elementor-widget-container\">\n\t\t\t\t\t    <!-- Intro Text -->\r\n    <div class=\"intro-text style-1 mx-auto text-center\" data-animation=\"\">\r\n      <span class=\"pre-title\">Transporte local<\/span><div class=\"description \"><p>Garantizamos el transporte local de forma urgente y profesional.<\/p><\/div>    <\/div>\r\n        \t\t\t\t<\/div>\n\t\t\t\t<\/div>\n\t\t\t\t<\/div>\n\t\t<div class=\"elementor-element elementor-element-12fd907 e-con-full e-flex e-con e-child\" data-id=\"12fd907\" data-element_type=\"container\" data-settings=\"{&quot;background_background&quot;:&quot;classic&quot;}\">\n\t\t\t\t<div class=\"elementor-element elementor-element-2be1496 elementor-widget elementor-widget-themeasy-image\" data-id=\"2be1496\" data-element_type=\"widget\" data-widget_type=\"themeasy-image.default\">\n\t\t\t\t<div class=\"elementor-widget-container\">\n\t\t\t\t\t    <div class=\"holder align-h-center align-v-center\">\r\n            <div class=\"image-wrapper align-h-center\" data-animation=\"\" data-animation-delay=\"\">\r\n        <a  class=\"full-link  align-h-center\">\r\n          <img decoding=\"async\" src=\"https:\/\/dev.gomnetwork.com\/beatb-transvansrapid\/wp-content\/uploads\/2025\/01\/Transporte-nacional.webp\" alt=\"Transporte nacional\" class=\"image\" \/>        <\/a>  \r\n              <\/div>\r\n    <\/div>\r\n    \t\t\t\t<\/div>\n\t\t\t\t<\/div>\n\t\t\t\t<div class=\"elementor-element elementor-element-61ae84b elementor-widget elementor-widget-themeasy-intro-text\" data-id=\"61ae84b\" data-element_type=\"widget\" data-widget_type=\"themeasy-intro-text.default\">\n\t\t\t\t<div class=\"elementor-widget-container\">\n\t\t\t\t\t    <!-- Intro Text -->\r\n    <div class=\"intro-text style-1 mx-auto text-center\" data-animation=\"\">\r\n      <span class=\"pre-title\">Transporte Nacional<\/span><div class=\"description \"><p>Recorremos toda espa\u00f1a con total felxibilidad.<\/p><\/div>    <\/div>\r\n        \t\t\t\t<\/div>\n\t\t\t\t<\/div>\n\t\t\t\t<\/div>\n\t\t<div class=\"elementor-element elementor-element-0d914a8 e-con-full e-flex e-con e-child\" data-id=\"0d914a8\" data-element_type=\"container\" data-settings=\"{&quot;background_background&quot;:&quot;classic&quot;}\">\n\t\t\t\t<div class=\"elementor-element elementor-element-38eb3aa elementor-widget elementor-widget-themeasy-image\" data-id=\"38eb3aa\" data-element_type=\"widget\" data-widget_type=\"themeasy-image.default\">\n\t\t\t\t<div class=\"elementor-widget-container\">\n\t\t\t\t\t    <div class=\"holder align-h-center align-v-center\">\r\n            <div class=\"image-wrapper align-h-center\" data-animation=\"\" data-animation-delay=\"\">\r\n        <a  class=\"full-link  align-h-center\">\r\n          <img decoding=\"async\" src=\"https:\/\/dev.gomnetwork.com\/beatb-transvansrapid\/wp-content\/uploads\/2025\/01\/Transporte-internacional.webp\" alt=\"Transporte internacional\" class=\"image\" \/>        <\/a>  \r\n              <\/div>\r\n    <\/div>\r\n    \t\t\t\t<\/div>\n\t\t\t\t<\/div>\n\t\t\t\t<div class=\"elementor-element elementor-element-0373c86 elementor-widget elementor-widget-themeasy-intro-text\" data-id=\"0373c86\" data-element_type=\"widget\" data-widget_type=\"themeasy-intro-text.default\">\n\t\t\t\t<div class=\"elementor-widget-container\">\n\t\t\t\t\t    <!-- Intro Text -->\r\n    <div class=\"intro-text style-1 mx-auto text-center\" data-animation=\"\">\r\n      <span class=\"pre-title\">Transporte Internacional <\/span><div class=\"description \"><p>No entendemos fronteras. Dinos un destino y nosotros entregaremos la mercanc\u00eda.<\/p><\/div>    <\/div>\r\n        \t\t\t\t<\/div>\n\t\t\t\t<\/div>\n\t\t\t\t<\/div>\n\t\t\t\t\t<\/div>\n\t\t\t\t<\/div>\n\t\t<div class=\"elementor-element elementor-element-3b32368 e-flex e-con-boxed e-con e-parent\" data-id=\"3b32368\" data-element_type=\"container\" data-settings=\"{&quot;background_background&quot;:&quot;classic&quot;}\">\n\t\t\t\t\t<div class=\"e-con-inner\">\n\t\t<div class=\"elementor-element elementor-element-a72248b e-con-full e-flex e-con e-child\" data-id=\"a72248b\" data-element_type=\"container\">\n\t\t\t\t<div class=\"elementor-element elementor-element-510c719 elementor-widget__width-initial elementor-widget elementor-widget-heading\" data-id=\"510c719\" data-element_type=\"widget\" data-widget_type=\"heading.default\">\n\t\t\t\t<div class=\"elementor-widget-container\">\n\t\t\t\t\t<h2 class=\"elementor-heading-title elementor-size-default\">Programa el transporte de tus mercanc\u00edas hoy<\/h2>\t\t\t\t<\/div>\n\t\t\t\t<\/div>\n\t\t\t\t<div class=\"elementor-element elementor-element-25215fa elementor-widget elementor-widget-text-editor\" data-id=\"25215fa\" data-element_type=\"widget\" data-widget_type=\"text-editor.default\">\n\t\t\t\t<div class=\"elementor-widget-container\">\n\t\t\t\t\t\t\t\t\t<p>En Transvansrapid, estamos listos para atender tus necesidades de transporte urgente y prenda colgada.<\/p>\t\t\t\t\t\t\t\t<\/div>\n\t\t\t\t<\/div>\n\t\t\t\t<\/div>\n\t\t<div class=\"elementor-element elementor-element-e5df6b2 e-con-full e-flex e-con e-child\" data-id=\"e5df6b2\" data-element_type=\"container\">\n\t\t\t\t<div class=\"elementor-element elementor-element-274babc elementor-widget elementor-widget-shortcode\" data-id=\"274babc\" data-element_type=\"widget\" data-widget_type=\"shortcode.default\">\n\t\t\t\t<div class=\"elementor-widget-container\">\n\t\t\t\t\t\t\t<div class=\"elementor-shortcode\">\n<div class=\"wpcf7 no-js\" id=\"wpcf7-f123-o1\" lang=\"es-ES\" dir=\"ltr\" data-wpcf7-id=\"123\">\n<div class=\"screen-reader-response\"><p role=\"status\" aria-live=\"polite\" aria-atomic=\"true\"><\/p> <ul><\/ul><\/div>\n<form action=\"\/beatb-transvansrapid\/wp-json\/wp\/v2\/pages\/289#wpcf7-f123-o1\" method=\"post\" class=\"wpcf7-form init\" aria-label=\"Formulario de contacto\" novalidate=\"novalidate\" data-status=\"init\">\n<div style=\"display: none;\">\n<input type=\"hidden\" name=\"_wpcf7\" value=\"123\" \/>\n<input type=\"hidden\" name=\"_wpcf7_version\" value=\"6.0.5\" \/>\n<input type=\"hidden\" name=\"_wpcf7_locale\" value=\"es_ES\" \/>\n<input type=\"hidden\" name=\"_wpcf7_unit_tag\" value=\"wpcf7-f123-o1\" \/>\n<input type=\"hidden\" name=\"_wpcf7_container_post\" value=\"0\" \/>\n<input type=\"hidden\" name=\"_wpcf7_posted_data_hash\" value=\"\" \/>\n<\/div>\n<div class=\"idt-field\">\n<label> Nombre<\/label>\n<span class=\"wpcf7-form-control-wrap\" data-name=\"contact-name\"><input size=\"40\" maxlength=\"400\" class=\"wpcf7-form-control wpcf7-text wpcf7-validates-as-required\" autocomplete=\"name\" aria-required=\"true\" aria-invalid=\"false\" placeholder=\"Nombre\" value=\"\" type=\"text\" name=\"contact-name\" \/><\/span>\n<\/div>\n\n<div class=\"idt-field\">\n<label>Servicio<\/label>\n<span class=\"wpcf7-form-control-wrap\" data-name=\"service\"><select class=\"wpcf7-form-control wpcf7-select wpcf7-validates-as-required\" aria-required=\"true\" aria-invalid=\"false\" name=\"service\"><option value=\"\">Servicio<\/option><option value=\"Transporte urgente\">Transporte urgente<\/option><option value=\"Prenda colgada\">Prenda colgada<\/option><\/select><\/span>\n<\/div>\n\n<div class=\"idt-field\">\n<label>Tel\u00e9fono<\/label>\n<span class=\"wpcf7-form-control-wrap\" data-name=\"phone\"><input size=\"40\" maxlength=\"400\" class=\"wpcf7-form-control wpcf7-tel wpcf7-validates-as-required wpcf7-text wpcf7-validates-as-tel\" aria-required=\"true\" aria-invalid=\"false\" placeholder=\"Tel\u00e9fono\" value=\"\" type=\"tel\" name=\"phone\" \/><\/span>\n<\/div>\n\n<div class=\"idt-field\">\n<label>Correo electr\u00f3nico<\/label>\n<span class=\"wpcf7-form-control-wrap\" data-name=\"contact-email\"><input size=\"40\" maxlength=\"400\" class=\"wpcf7-form-control wpcf7-email wpcf7-validates-as-required wpcf7-text wpcf7-validates-as-email\" autocomplete=\"email\" aria-required=\"true\" aria-invalid=\"false\" placeholder=\"Correo electr\u00f3nico\" value=\"\" type=\"email\" name=\"contact-email\" \/><\/span>\n<\/div>\n\n<div class=\"idt-field idt-full-width\">\n<label>Mensaje<\/label>\n<span class=\"wpcf7-form-control-wrap\" data-name=\"message\"><textarea cols=\"40\" rows=\"3\" maxlength=\"2000\" class=\"wpcf7-form-control wpcf7-textarea idt-full-width\" aria-invalid=\"false\" placeholder=\"Mensaje\" name=\"message\"><\/textarea><\/span>\n<\/div>\n\n<div class=\"idt-field idt-full-width\">\n<span class=\"wpcf7-form-control-wrap\" data-name=\"privacy-policy\"><span class=\"wpcf7-form-control wpcf7-acceptance\"><span class=\"wpcf7-list-item\"><label><input type=\"checkbox\" name=\"privacy-policy\" value=\"1\" class=\"idt-full-width\" aria-invalid=\"false\" \/><span class=\"wpcf7-list-item-label\">Acepto los t\u00e9rminos de uso.<\/span><\/label><\/span><\/span><\/span>\n<\/div>\n\n<input class=\"wpcf7-form-control wpcf7-submit has-spinner\" type=\"submit\" value=\"Habldemos\" \/><div class=\"wpcf7-response-output\" aria-hidden=\"true\"><\/div>\n<\/form>\n<\/div>\n<\/div>\n\t\t\t\t\t\t<\/div>\n\t\t\t\t<\/div>\n\t\t\t\t<\/div>\n\t\t\t\t\t<\/div>\n\t\t\t\t<\/div>\n\t\t\t\t<\/div>\n\t\t","protected":false},"excerpt":{"rendered":"<p>Transporte directo Titulo llamativo del servicio \u2713 Caracter\u00edstica destacada 1\u00a0 \u2713 Caracter\u00edstica destacada 2\u00a0 Hablemos \u2197 Transporte directo Titulo llamativo del servicio \u2713 Caracter\u00edstica destacada 1\u00a0 \u2713 Caracter\u00edstica destacada 2\u00a0&#8230;<\/p>\n","protected":false},"author":1,"featured_media":0,"parent":0,"menu_order":0,"comment_status":"closed","ping_status":"closed","template":"elementor_header_footer","meta":{"footnotes":""},"class_list":["post-289","page","type-page","status-publish","hentry"],"_links":{"self":[{"href":"https:\/\/dev.gomnetwork.com\/beatb-transvansrapid\/wp-json\/wp\/v2\/pages\/289","targetHints":{"allow":["GET"]}}],"collection":[{"href":"https:\/\/dev.gomnetwork.com\/beatb-transvansrapid\/wp-json\/wp\/v2\/pages"}],"about":[{"href":"https:\/\/dev.gomnetwork.com\/beatb-transvansrapid\/wp-json\/wp\/v2\/types\/page"}],"author":[{"embeddable":true,"href":"https:\/\/dev.gomnetwork.com\/beatb-transvansrapid\/wp-json\/wp\/v2\/users\/1"}],"replies":[{"embeddable":true,"href":"https:\/\/dev.gomnetwork.com\/beatb-transvansrapid\/wp-json\/wp\/v2\/comments?post=289"}],"version-history":[{"count":58,"href":"https:\/\/dev.gomnetwork.com\/beatb-transvansrapid\/wp-json\/wp\/v2\/pages\/289\/revisions"}],"predecessor-version":[{"id":1390,"href":"https:\/\/dev.gomnetwork.com\/beatb-transvansrapid\/wp-json\/wp\/v2\/pages\/289\/revisions\/1390"}],"wp:attachment":[{"href":"https:\/\/dev.gomnetwork.com\/beatb-transvansrapid\/wp-json\/wp\/v2\/media?parent=289"}],"curies":[{"name":"wp","href":"https:\/\/api.w.org\/{rel}","templated":true}]}}